{"id":952,"date":"2017-03-02T10:57:39","date_gmt":"2017-03-02T09:57:39","guid":{"rendered":"http:\/\/elearning.uia.no\/ml205\/?page_id=952"},"modified":"2026-03-03T17:16:58","modified_gmt":"2026-03-03T16:16:58","slug":"generell-informasjon","status":"publish","type":"page","link":"https:\/\/elearning.uia.no\/ml205\/automatisert-celletelling\/generell-informasjon\/","title":{"rendered":"Generell informasjon"},"content":{"rendered":"<p>Temaet automatisert celletelling undervises over\u00a0<strong>to<\/strong>\u00a0laboratorie\u00f8velser. Studenten skal bli\u00a0kjent med automatiseringsprinsipper, fordeler,\u00a0feilkilder og begrensinger med dem. Studenten vil bli ogs\u00e5 bli i stand til \u00e5 forst\u00e5 og h\u00e5ndtere bruken av analytisk kvalitetskontroll.<\/p>\n<p>&nbsp;<\/p>\n<p><b>I l\u00f8pet av den f\u00f8rste \u00f8velsen skal studenten:\u00a0<\/b><\/p>\n<ul>\n<li>F\u00e5 en introduksjon til\u00a0Sysmex XN-550<\/li>\n<li>Benytte \u201cKort manual\u201d for Sysmex XN-550 for \u00e5:\n<ul>\n<li>Analysere kvalitetskontroller (QC).<\/li>\n<li>Analysere blodpr\u00f8ver\n<ul>\n<li>i manuell modus<\/li>\n<li>ved hjelp av\u00a0pr\u00f8vemateren<\/li>\n<\/ul>\n<\/li>\n<\/ul>\n<\/li>\n<\/ul>\n<p><b>I l\u00f8pet av den andre \u00f8velsen skal studenten:\u00a0<\/b><\/p>\n<ul>\n<li>Analysere kontroller og fire pasientpr\u00f8ver fra sykehuset p\u00e5 Sysmex XN-550\u00a0<\/li>\n<\/ul>\n<p>&nbsp;<\/p>\n<p><strong>I tillegg skal dere i l\u00f8pet av begge \u00f8velsene:\u00a0<\/strong><\/p>\n<ul>\n<li>Bli kjent med brukermanualene for Sysmex XN-550 ved \u00e5 jobbe med oppgaver<\/li>\n<li>\u00d8ve p\u00e5 digital vurdering av cellemorfologi (Cellavision proficiency)<\/li>\n<\/ul>\n<p>&nbsp;<\/p>\n\n\n<p><\/p>\n","protected":false},"excerpt":{"rendered":"<p>Temaet automatisert celletelling undervises over\u00a0to\u00a0laboratorie\u00f8velser. Studenten skal bli\u00a0kjent med automatiseringsprinsipper, fordeler,\u00a0feilkilder og begrensinger med dem. Studenten vil bli ogs\u00e5 bli i stand til \u00e5 forst\u00e5 og h\u00e5ndtere bruken av analytisk kvalitetskontroll. &nbsp; I l\u00f8pet av den f\u00f8rste \u00f8velsen skal studenten:\u00a0<span class=\"ellipsis\">&hellip;<\/span><\/p>\n<div class=\"read-more\"><a href=\"https:\/\/elearning.uia.no\/ml205\/automatisert-celletelling\/generell-informasjon\/\">Read more <span class=\"screen-reader-text\">Generell informasjon<\/span><span class=\"meta-nav\"> &#8250;<\/span><\/a><\/div>\n<p><!-- end of .read-more --><\/p>\n","protected":false},"author":13,"featured_media":0,"parent":177,"menu_order":1,"comment_status":"closed","ping_status":"closed","template":"","meta":{"footnotes":""},"class_list":["post-952","page","type-page","status-publish","hentry"],"_links":{"self":[{"href":"https:\/\/elearning.uia.no\/ml205\/wp-json\/wp\/v2\/pages\/952","targetHints":{"allow":["GET"]}}],"collection":[{"href":"https:\/\/elearning.uia.no\/ml205\/wp-json\/wp\/v2\/pages"}],"about":[{"href":"https:\/\/elearning.uia.no\/ml205\/wp-json\/wp\/v2\/types\/page"}],"author":[{"embeddable":true,"href":"https:\/\/elearning.uia.no\/ml205\/wp-json\/wp\/v2\/users\/13"}],"replies":[{"embeddable":true,"href":"https:\/\/elearning.uia.no\/ml205\/wp-json\/wp\/v2\/comments?post=952"}],"version-history":[{"count":7,"href":"https:\/\/elearning.uia.no\/ml205\/wp-json\/wp\/v2\/pages\/952\/revisions"}],"predecessor-version":[{"id":2194,"href":"https:\/\/elearning.uia.no\/ml205\/wp-json\/wp\/v2\/pages\/952\/revisions\/2194"}],"up":[{"embeddable":true,"href":"https:\/\/elearning.uia.no\/ml205\/wp-json\/wp\/v2\/pages\/177"}],"wp:attachment":[{"href":"https:\/\/elearning.uia.no\/ml205\/wp-json\/wp\/v2\/media?parent=952"}],"curies":[{"name":"wp","href":"https:\/\/api.w.org\/{rel}","templated":true}]}}